 + 4 = 0. Suppose c*x + 6*x - 540 = 0. What is the greatest common factor of 30 and x?
30
Let c(j) = -6*j - 19. Let z be c(-6). Calculate the greatest common factor of 102 and z.
17
Let l(w) = -w**3 - 6*w**2 + 2*w + 9. Let u be l(-8). Suppose -f - 11 = o - 35, -u = -5*o - 4*f. What is the highest common factor of o and 25?
25
Let j be (-6 - 0)*(-200)/12. Let r(s) = -2*s - 15. Let l be r(-20). What is the highest common divisor of l and j?
25
Suppose -4*f - 40 = -9*f. Suppose -f*j + 288 = j. Calculate the greatest common divisor of j and 4.
4
Let o be (-4275)/27 + (-2)/18*-3. Let k = o - -170. Suppose -5*p + 9 = -2*p. Calculate the highest common divisor of p and k.
3
Let f be (642/42 - -1)*-7. Let b = 178 + f. Calculate the highest common divisor of b and 8.
8
Let x be (-24)/(-96) + ((-103)/(-4) - -2). Suppose 27*a - x*a = -36. What is the highest common divisor of 84 and a?
12
Let b be 35 + 1 + (-4 - 0) + 8. Let t(y) = 8*y - 4. Let u be t(8). Calculate the greatest common factor of u and b.
20
Let o = 6 - 2. Let j = 12 - o. Let i(w) = -w**2 + 6*w + 3. Let a be i(5). Calculate the highest common divisor of a and j.
8
Let n be (-152)/(-36) - 6/27. Suppose 9 = n*p - 3. Suppose 4*v + p*f = 129, -4*v - 3*f = -v - 96. Calculate the greatest common divisor of 231 and v.
33
Let z(i) = -2*i**3 + i**2 + 3*i - 7. Suppose 9 = -2*k + 3. Let m be -3 - (1 - k - 2). Let y be z(m). Calculate the highest common factor of 23 and y.
23
Let h be (3 - (-1 - -4))*1. Suppose -47 = 3*m - 4*y - 375, 4*m + 4*y - 428 = h. Let u = -48 + m. What is the greatest common divisor of 15 and u?
15
Let r(z) = -z**3 + 6*z**2 + 14*z - 10. Let j be r(7). What is the greatest common divisor of 156 and j?
39
Let g(f) = -f + 6. Let a be g(4). Suppose -4*o + 12 = 0, 0*o - a*o = 4*d - 38. Suppose 48 = -6*u + d*u. Calculate the greatest common factor of u and 36.
12
Let o(a) = a**3 - 15*a**2 - 10*a + 17. Let b be o(15). Let t be (-2)/(-3) + b/(-21). What is the greatest common divisor of t and 63?
7
Let y(r) = r**3 - 5*r**2 + 2*r - 21. Let f be y(7). Calculate the highest common divisor of f and 26.
13
Let c(p) = -9*p**2 + 9*p + 37. Let v be c(-6). Let t = -170 - v. Let i = -27 + 46. Calculate the highest common divisor of i and t.
19
Let m(o) = 109*o**2 + 8*o - 17. Let f be m(2). What is the highest common divisor of f and 15?
15
Let g = -71 - -141. Suppose 0 = -8*s + 15*s - g. What is the greatest common factor of s and 10?
10
Let c be (-4)/((-24)/135)*2. What is the highest common divisor of c and 765?
45
Let o(q) = -q**2 - 11*q + 10. Let s be o(-11). Suppose 5*c - 705 = -5*i + s*c, 2*c = -4*i + 558. Calculate the highest common divisor of i and 56.
28
Let c = 19 + -7. Let t be 2/8 - (-1857)/c. What is the greatest common factor of t and 31?
31
Let w = 7 + -5. Let b be 15 + (16/(1*-4))/w. What is the highest common divisor of 143 and b?
13
Suppose 31*m + 105 = 36*m. Let s = m + -12. Calculate the highest common divisor of s and 2.
1
Let y = -143 - -132. Let u = 79 - y. Calculate the greatest common divisor of 18 and u.
18
Let w be (1*6)/(36/24). Suppose -3*q - 2*m - 93 = 0, -83 = w*q + 3*m + 42. Let j = q + 32. Calculate the greatest common divisor of j and 6.
3
Suppose 5*t = 3*t + 48. Let h be 13/(39/36) - 6. Calculate the greatest common divisor of t and h.
6
Suppose -w = -2*w + 1. Let s be w/(2*(-3)/18). Let n(k) = -4*k**3 + 3*k + 1. Let c be n(s). What is the greatest common factor of c and 20?
20
Suppose 4*k = 5*z - 792, 2*z - 6*k = -2*k + 324. Suppose -2*y - 2*u + 2 = -12, y - 22 = 2*u. Calculate the greatest common factor of y and z.
12
Suppose 0 = -o - 3*o + 40. Let p be (-910)/52*(-16)/o. What is the greatest common factor of 7 and p?
7
Let k = -582 - -593. What is the greatest common factor of k and 869?
11
Suppose -5*j = -2*y + 32, -y = 2*y + 4*j - 48. Suppose -3 + y = d. What is the greatest common divisor of 52 and d?
13
Let a = -268 + 289. Suppose -3*v + 2*m = -11, -3*m + 0 + 3 = 2*v. Suppose s = -0*s + 5*o + 174, v = o. Calculate the greatest common factor of s and a.
21
Suppose 2*v = -17 - 23. Let d be ((-45)/v)/(3/(-8)). Let m be ((-2)/d)/(6/198). Calculate the highest common divisor of m and 77.
11
Suppose 3*j - 2*q - q + 510 = 0, 361 = -2*j - 5*q. Let m = j + 251. What is the greatest common factor of m and 117?
39
Let u(l) = -2*l + 50. Let m = -146 - -154. Let z be u(m). Calculate the greatest common factor of 68 and z.
34
Suppose 31*t + 534 = 37*t. What is the greatest common divisor of 712 and t?
89
Suppose 5*m - 5*y = -780, 6*y - 159 = m + 2*y. Let b = m + 173. What is the greatest common divisor of 162 and b?
18
Let l be (-16)/(-72) - (29590/18)/(-5). Calculate the greatest common factor of l and 235.
47
Let i be (1 - 8) + 3481/59. What is the greatest common factor of i and 143?
13
Let y(j) = -19*j + 5. Let l be y(-6). Suppose -q + 2*q - l = 0. Let b be 34/(4 - (-3 + 5)). Calculate the greatest common factor of q and b.
17
Let f be (((-10)/(-3))/(4/(-6)))/(-1). Let v(c) = -c**3 + 6*c**2 - 4*c. Let a be v(f). Calculate the greatest common divisor of a and 35.
5
Let o = 216 - 132. Calculate the greatest common factor of 21 and o.
21
Let v(a) be the second derivative of a**4/12 - a**3/2 + 45*a**2 - 31*a. Let q be v(0). What is the greatest common divisor of q and 60?
30
Let d be ((-14)/(-7))/(1*(2 + -1)). Suppose 0 = -3*z - v + 59, 11 = z + d*v - 12. What is the greatest common factor of 171 and z?
19
Suppose -41 - 9 = -5*k. Suppose 319 = k*w - 1. What is the greatest common divisor of w and 8?
8
Let a = 12 - 8. Suppose 0 = y + 2*y - 3*r - 51, -3*y + 72 = a*r. Let g be (-257)/(-2) - 50/y. Calculate the highest common factor of g and 14.
14
Suppose -7*i + i - i = 0. Suppose i = -25*s + 26*s - 8. Calculate the greatest common factor of 64 and s.
8
Let r be 3/15 + (-259)/(-5). Let f = 265 + -187. Calculate the greatest common factor of r and f.
26
Suppose 4*c + 46 = 6*c. Suppose -2*w - v + 18 = -w, 3*w = 2*v + 79. What is the greatest common factor of c and w?
23
Suppose l - 7*s + 70 = -2*s, -4*l - 216 = -4*s. Let o = 5 - l. What is the highest common factor of o and 5?
5
Let i be (-4)/(8/2)*0. Suppose i*w = -2*w + 114. Let z(x) = x**3 - x**2 - x + 19. Let n be z(0). What is the highest common divisor of w and n?
19
Suppose 46 = 4*d + 2*f, 5*f = -0*f - 5. Let h be (-2 + -2)/2 + -1*4. Let i be -1 - (-74)/h*(7 + -10). What is the greatest common factor of i and d?
12
Let s be ((-372)/155)/((-2)/65). Calculate the highest common factor of s and 910.
26
Suppose 0*h - 4*h + 96 = 0. Let v be 9/(-24) - 5655/(-232). What is the greatest common factor of h and v?
24
Suppose 2*c = -10*c + 336. Let n(f) = f**2 - 28*f + 3. Let v be n(c). Calculate the highest common factor of 24 and v.
3
Let w = -319 + 321. Let n = -4 - -12. Suppose -u - 4*l = -36, 3*u = -l + 61 - n. Calculate the highest common divisor of w and u.
2
Let y(m) = -4*m + 25. Let p be y(5). What is the highest common divisor of 835 and p?
5
Suppose -384 = -16*u + 8*u. What is the highest common divisor of u and 1032?
24
Let v = 376 + -316. Let n be 361/4 + (-2)/8. What is the greatest common factor of n and v?
30
Let j(b) = -1. Let c(r) = -9*r + 21. Let u(i) = c(i) - 5*j(i). Let k be u(-13). Calculate the highest common factor of k and 11.
11
Suppose -110 = 5*x + 50. Let j = 56 + x. Suppose 46*d - 34 = 43*d + 5*n, d - 5*n = 28. Calculate the greatest common factor of j and d.
3
Let t(n) = -172*n**3 + n**2 + 2*n. Let w be t(-1). Calculate the highest common divisor of w and 19.
19
Suppose -2*j + 2*s + 22 = -0*j, -4*s - 9 = j. Calculate the highest common factor of j and 7.
7
Suppose -a - 452 + 103 = 4*k, 2*a - 346 = 4*k. Let n = k + 121. Calculate the greatest common divisor of n and 102.
34
Suppose -n + 8 = 4*p, -4*n = -5*p - 47 + 15. What is the greatest common factor of 40 and n?
8
Suppose 7*i - 88 - 98 + 46 = 0. Suppose v + 21 = b, 3*b - 3*v = -2*v + 61. Calculate the greatest common factor of b and i.
20
Let d(k) = -14*k - 39. Let m be d(-4). Let r = 51 - -68. What is the highest common divisor of r and m?
17
Suppose -c + 0*c - 4 = 0. Let k be 116/10 - c/10. Suppose -5*x + k = -3*x. What is the greatest common factor of x and 4?
2
Let i(w) = -w**3 + 8*w**2 - w + 10. Let y be i(7). Suppose -2*s + s + 23 = 3